(-14)/(-6))/((-2)/z)?
7
Suppose -40 = -12*b + 4*b. Suppose 2*z + 2*d = 57 - 13, b*d - 92 = -4*z. What is the units digit of z?
8
What is the thousands digit of 36060*(117/27 - 2)?
4
What is the thousands digit of (1209 + 1 + 0)/((-115)/(-575))?
6
Let v(h) = -29*h + 5. Let r be v(9). Let u = r - -580. What is the tens digit of u?
2
Let n be 3 + (-18)/12 + 6/4. Suppose u = -0*u, -n*m = 4*u - 1755. What is the tens digit of m?
8
Let b(l) = 2*l**2 - 5*l + 18. Let n be 15/10*20/(-3). Let a = -2 - n. What is the tens digit of b(a)?
0
Let i = 134 + -127. Suppose 12 = -10*b + i*b, -5*t + 320 = 5*b. What is the units digit of t?
8
Let u = 29530 + -9690. What is the units digit of u?
0
Suppose -5*m + 5*i = 10, 5*i + 10 = -0. Let j(n) = -28*n**3 + 2*n**2 - 7*n + 5. Let t be j(m). What is the tens digit of (1 - 4/5) + t/15?
2
Let c(p) be the first derivative of -127*p**2/2 + 18*p + 41. What is the hundreds digit of c(-3)?
3
Let x = 7927 - 12704. Let o = -2581 - x. What is the tens digit of ((-1)/2)/(-5 - o/(-440))?
5
Let w(o) = 377*o - 2717. What is the thousands digit of w(40)?
2
Let l = 315 + 307. Let w = l - 270. What is the tens digit of w?
5
Let n(x) = 87*x - 2. Let h be n(1). What is the tens digit of 221/34*(h + -1)?
4
Let z be (-7)/5 + (-181247)/(-55). Suppose z = 45*a - 42*a. What is the units digit of a?
8
Let j be ((-20)/(-5) - 3) + 2 + -560. Let q = -17 - j. Suppose -4*h - 5*d + 729 = 0, -3*h - 2*d + q = -5*d. What is the units digit of h?
1
Let b(l) = 7*l + 28. Let m(g) = -14*g - 55. Let t(j) = 5*b(j) + 3*m(j). Let v(r) = 6*r + 345. Let z be v(-62). What is the units digit of t(z)?
4
Suppose 31*b = 63*b - 14464. Let j = b + -216. What is the units digit of j?
6
Let i(d) = -3814*d**3 + d**2 + d - 2. What is the thousands digit of i(-1)?
3
Let a(m) = -470*m**3 + 12*m**2 - 9*m - 61. What is the thousands digit of a(-4)?
0
Let a(x) be the second derivative of x**4/2 - x**3/6 - 4*x. Let k be a(1). Suppose -2*t + 2*f = 154 - 534, k*t - 915 = -2*f. What is the units digit of t?
5
Let g = 58 - 86. Let v = g - -31. Suppose 3*s = 15, v*o - 2*o - 4*s = 64. What is the tens digit of o?
8
Let j = -12028 - -27797. What is the tens digit of j?
6
Suppose 0 = -5*z - 3*n + 22688, -4*z - 489*n + 18112 = -493*n. What is the units digit of z?
4
Suppose -5*t + 15 = -3*r, -2*t - 10 = 2*r - 0. Let p(v) = v**2 + 3*v + 69. Let z be p(t). Suppose 0 = 2*o + o - z. What is the tens digit of o?
2
Let g = 24090 + -11656. What is the thousands digit of g?
2
Let r(p) = 1554*p + 184. What is the hundreds digit of r(9)?
1
Let f(y) = -y**2 - 2*y. Let x(u) = u**3 - 7*u**2 - 23*u - 3. Let a(s) = -6*f(s) + x(s). What is the tens digit of a(7)?
1
Let u be (-3)/6 - (-21)/6. Let d be (-3)/9 - 160/(-12). Let r = u + d. What is the units digit of r?
6
Let s(f) = -6*f**3 + 373*f**2 - 51*f - 310. What is the hundreds digit of s(59)?
8
Let b(g) = 1042*g - 122. What is the ten thousands digit of b(11)?
1
Suppose 5*r + 3631 = 2*m, -5*m + 0*r + 9125 = -3*r. What is the units digit of 12/48*m*3?
1
Let d(l) = 3*l**3 + 4*l**2 - 12*l + 4. Suppose 12*j + 14*j - 130 = 0. What is the tens digit of d(j)?
1
Suppose -10*y + 28 = -3*y. Suppose -5*n = 4*l - 77, -8*n + y*l + 42 = -6*n. What is the units digit of n?
7
Let r(p) = -247*p + 11. Let f(i) = 3*i + 26. Let g be f(-9). What is the tens digit of r(g)?
5
Let l(q) = 0 + 3 - 4*q - 235*q**3 - 7*q**2 - 2 + 236*q**3. Suppose 0 = -2*v + 3*v + 4*h, 2*h + 28 = 3*v. What is the units digit of l(v)?
3
Let c(z) = z**3 + 30*z**2 + z + 40. Let d be c(-30). Suppose -d*o + 732 = -6*o + 4*g, 0 = 2*g + 6. What is the tens digit of o?
8
Let b(u) = -11*u - 9. Let k(h) = -320*h - 9 + 299*h - 8. Let p(w) = -7*b(w) + 3*k(w). What is the units digit of p(4)?
8
Let b(v) = 14*v**2 - 49*v + 2876. What is the ten thousands digit of b(42)?
2
Let y = 483 + -478. Suppose l = -3*f + 3389 - 356, 0 = -f + y*l + 1027. What is the thousands digit of f?
1
Let r(f) = 1 + f**3 + 3*f**3 - 5*f**3 + 8*f + 3 + 3*f**2. Let v be r(-5). Let q = v - -5. What is the units digit of q?
9
Let i = -29 + 28. What is the hundreds digit of (-2 - (789 - i))*9/(-12)?
5
Let m = 8975 + -8074. What is the tens digit of m?
0
Suppose 2*a + 9*g = 11*g + 14, -5 = a + 5*g. What is the hundreds digit of (276/a)/(-2*1/(-30))?
8
Suppose 4*i + 2*i - 36 = 0. Let p be (-14)/(-21) - (-8)/i. Suppose -5*d + d - 4*x + 264 = 0, p*d - 102 = 4*x. What is the units digit of d?
1
Let z(v) = -v**2 + 5*v - 2. Let w be z(4). Let n = -4690 + 4745. What is the units digit of n + w - (-17 - -13)?
1
Suppose 4*t - 332 = 3*c + c, 2*t = -c - 68. Let u = 842 + c. What is the tens digit of u?
6
Let b(j) = -j - 36. Let d be 5/(1/(-4) + 0). Let m be b(d). What is the tens digit of 76/m*(-4)/1?
1
Let h = -35720 - -50617. What is the tens digit of h?
9
Let o = 416 - -607. Suppose -g + 2*t - t = -262, 4*g + t - o = 0. Suppose 7*h - 121 - g = 0. What is the units digit of h?
4
Let j(q) = -5*q + 3*q - 1 + 192*q**2 + 2*q + 9*q - 12. What is the tens digit of j(2)?
7
Suppose -4*d = 4*v - 31064, -5*v + 28*d - 26*d = -38865. What is the units digit of v?
1
Let a(y) be the second derivative of 11*y**4/4 + 13*y**3/6 + 25*y**2 - 17*y - 1. What is the hundreds digit of a(-5)?
8
Suppose -3*z = 2*h - 24, -5*h + 52 = 5*z - 3. Suppose s = h*s - 24. Suppose 0 = 4*g - 5*g - 2*f + 63, -s*f = -g + 38. What is the units digit of g?
3
Let h = -5655 - -5705. Let l be (2 + (-70)/4)*-4. Suppose 0 = u - l - h. What is the units digit of u?
2
Suppose 29*i - 32*i + 1458 = 3*p, -3*p + 1486 = -4*i. Let r = p + -269. What is the units digit of r?
1
What is the units digit of 18360 + (-4 - 15/5)?
3
Suppose 248*l + 1126950 = 323*l. What is the units digit of l?
6
Let w(z) = -10*z + 10. Let m be w(1). Suppose m = -v + 4*n + 875, 2*v = 4*n - 2*n + 1738. What is the tens digit of v?
6
Let j(s) = 4*s**2 + 20*s - 67. Let g be j(3). What is the hundreds digit of 8*-1 - (-19575)/g?
6
Let r(c) = c**2 - c**2 + 3 + 6 + c**2. Let s(z) = -5*z - 6. Let q be s(-3). What is the units digit of r(q)?
0
Suppose 0 = 5*f - 4*y + 6815, 333 = 3*f + 4*y + 4422. Let u = -616 - f. What is the tens digit of u?
4
Suppose -749643 = -66*z + 1207851. What is the ten thousands digit of z?
2
Let h be 2 - (0 - (4 - 0)). Let d be (14/h)/((-7)/(-42)). What is the units digit of (-14)/49 + 284/d?
0
Let b = 4152 - -7851. What is the hundreds digit of b?
0
Let n(h) = 8*h**3 - 8*h**2 - 8*h + 18. Let v = -46 + 50. What is the units digit of n(v)?
0
Let s = -10614 - -19173. What is the thousands digit of s?
8
Suppose -23*w = -24*w + 5. Suppose 3*a - 88 = -5*b + 1255, 0 = w*b + 10. Suppose 100 = -3*l + a. What is the units digit of l?
7
Suppose -4 = -n - 2. Let f be (n - 3) + (8 - (1 - 1)). What is the units digit of (-8)/56 - (-491)/f?
0
Suppose -47*d + 34 = -48*d. Let l(w) = -w**2 - 55*w - 39. What is the units digit of l(d)?
5
Let i(j) = j**2 + 8*j + 17. Let t be i(-7). Suppose t*f + 2 - 42 = 0. Suppose -f*a = -4*c + 312, -c - 4*a + 72 + 21 = 0. What is the tens digit of c?
8
Let g = -46 + 96. Suppose m = -m + g. Suppose -m*b = -22*b - 6. What is the units digit of b?
2
Let b be 46962/27 - (-15)/9. Let a = -835 + b. What is the tens digit of a?
0
Let p(g) = 21*g**2 + 15*g. Let r be (9/6)/(36/(-96)). What is the hundreds digit of p(r)?
2
Let r(i) = -166*i + 1023. What is the tens digit of r(-105)?
5
Let p(n) = n**3 + 8*n**2 + 2. Let l be p(-8). Let g(q) = -72 + 2*q - q**l + 72 + 181*q**3. What is the hundreds digit of g(1)?
1
Let g(q) = -48*q**2 - 3 - 35*q**2 - 22*q + 82*q**2. Let r = 7 - 24. What is the tens digit of g(r)?
8
Suppose 4*q = 4*v + 9*q - 23020, -2*v + 3*q = -11532. What is the hundreds digit of v?
7
Let y(k) be the second derivative of -85*k**3/2 - 7*k**2 - 31*k. What is the hundreds digit of y(-2)?
4
Suppose 587*n - 581*n = 7446. Let q = n - 875. What is the hundreds digit of q?
3
Suppose 5*i + 2*g - 11410 - 50431 = 0, -g - 7 = 0. What is the ten thousands digit of i?
1
Let a be (-5 - (-13)/2)*-72. Let n = -108 - a. Suppose -3*r + 5*r - 318 = n. What is the units digit of r?
9
Suppose -34*n + s + 4003 = -31*n, 3*n = 5*s + 4031. What is the hundreds digit of n?
3
Let k(y) be the third derivative of 83/12*y**4 + 13*y**2 + 1/3*y**3 + 0 + 0*y. What is the tens digit of k(1)?
6
Suppose 0 = -42*b -